et q = 2351 + -1122. List the prime factors of q.
1229
Let z(h) = -5*h + 3. Let s be z(12). Let k = s - -97. List the prime factors of k.
2, 5
What are the prime factors of (-58 - 8)*(-2 - 4/(-3))?
2, 11
List the prime factors of (-1642)/3*(-1 + (5 - 7)).
2, 821
Let x(i) = 3*i**2 + 13*i + 13. What are the prime factors of x(-8)?
101
Suppose 4 = -3*g - l - 14, 0 = -3*g + 5*l - 18. What are the prime factors of -8*107/((-3)/(g/(-8)))?
2, 107
Let q(a) = 17*a - 1. Suppose c - 3 = -4*o, 2*c - 3 + 11 = -o. Let w be q(o). What are the prime factors of 10/55 - (-885)/w?
3
Suppose -4*i = -4*g - 4, 4*i + 3*g - 9 = 2*g. Suppose i*m = -2*m - 3*v - 52, 34 = -3*m - v. Let h(r) = r**3 + 9*r**2 - 12*r + 3. List the prime factors of h(m).
23
Let f = -13 - -9. Let o = f + 6. Suppose -3*h = -g, 0 = -g - o*g - h + 30. What are the prime factors of g?
3
Suppose 6 - 1 = -5*f, 3*h + 1144 = 2*f. Let w = -242 - h. What are the prime factors of w?
2, 5, 7
Suppose -1943 + 263 = -4*a. List the prime factors of a.
2, 3, 5, 7
Let o(k) = 19*k - 318. What are the prime factors of o(41)?
461
Suppose 2*t = -5*v + 970, -3*t + 2*v - 5*v + 1437 = 0. List the prime factors of t.
5, 19
What are the prime factors of 983 - ((1 - -3) + -4)?
983
Suppose 5*a = 20, 13*a = -3*o + 9*a + 1819. What are the prime factors of o?
601
Suppose 1461 = -13*h + 14838. List the prime factors of h.
3, 7
Let n(u) = -2*u + 3. Let q be 12/(-8)*(0 + -2). Suppose 2*x + 11 + 4 = -5*g, 3*g = q*x + 12. What are the prime factors of n(x)?
13
Suppose -5*g - 4 = 2*k + 13, 4*k + 5*g = -29. List the prime factors of (220/k)/(1/(-3)).
2, 5, 11
Let h(i) = 152*i + 77. List the prime factors of h(3).
13, 41
Let r(j) = -4*j**3 - 8*j**2 - 11*j + 3. Let l(i) = -8*i**3 - 15*i**2 - 21*i + 5. Let g(a) = 6*l(a) - 11*r(a). What are the prime factors of g(-3)?
2, 3, 17
Suppose -y - 4*x - x + 40 = 0, 70 = 4*y + 2*x. Let v = 1 - 10. What are the prime factors of 173/5 + v/y?
2, 17
Suppose -i - 4*i = -2*i. Suppose i = 2*w + 12 - 178. List the prime factors of w.
83
Let p(d) = 4*d**2 + 2*d + 3. Let x be p(-2). Let w be 3 - ((-28)/(-2) + (1 - 3)). Let v = x + w. What are the prime factors of v?
2, 3
Let q = -53 - -88. Let o(d) = -d**3 - 3*d**2 + 4*d + 5. Let j be o(-4). Suppose 0 = j*c - 10 - q. What are the prime factors of c?
3
Suppose 3*j - 10*j = -126. List the prime factors of (9/j)/(1/58).
29
Let p = -227 - -324. Suppose -p = -4*v + 111. List the prime factors of v.
2, 13
Suppose l + 1 = 2. Let j be l/(-6) - (-25)/6. What are the prime factors of (j/6)/((-4)/(-150))?
5
List the prime factors of (-29)/((-651)/322 + 2).
2, 23, 29
Suppose -4*s + 32 = -0*s. Let v be 38/s - (-6)/24. Suppose 2*q - 3*q - 4*p = -36, 0 = -v*q + p + 159. List the prime factors of q.
2
Suppose -5*r - 3*l = l - 167, 0 = -2*l - 4. List the prime factors of r.
5, 7
Let x(z) = z - 12. Let h be x(12). Suppose h*i = -i + 45. Suppose 3*s + 3*t = i, 4*s + t - 50 = 16. What are the prime factors of s?
17
Suppose -8*k + 3*k + 4*l = -29, -3*l + 12 = 3*k. Let q(m) = 2*m**2 - 3*m**2 + 15 + 4*m - k*m. List the prime factors of q(0).
3, 5
Suppose -5*j + 4*a - 6*a = -76, 0 = -4*j + a + 53. Let r(c) = -2*c + 31. Let b be r(j). Suppose 72 + 24 = b*m. What are the prime factors of m?
2
Let a(q) be the third derivative of 7*q**4/24 - 5*q**3/6 + 10*q**2. List the prime factors of a(4).
23
Let p = -118 + 117. Let w(i) = 20*i**2 + 2*i + 2. What are the prime factors of w(p)?
2, 5
Let x(w) = -w**2 - 34*w + 26. What are the prime factors of x(-15)?
311
Let x(l) = -2*l**3 - 4*l**2 - 2*l + 2. Let c be x(3). Let p = c - -170. What are the prime factors of p?
2, 19
Let o(i) = 4*i - 1. Let g be o(-4). Let l = g + 48. Suppose w = 3*x - 4*w - l, -w = -2*x + 9. What are the prime factors of x?
2
Let o = -27 + 23. Let c = o - -14. List the prime factors of c.
2, 5
Let q be (0/(-1 - -3) - -74) + -3. Let t = q + -12. List the prime factors of t.
59
Let x = -50 + 44. List the prime factors of -23*148/(-12) + x/9.
283
Let l be (-9)/(-15) + (-231)/(-15). Let p be 9/12*l/6. Suppose 7*f - 3*f = p*z - 10, -3*f = -5*z + 18. List the prime factors of z.
3
Let q(f) = 16*f. Let a = 7 - 5. Suppose a*m - m = 3. What are the prime factors of q(m)?
2, 3
Suppose -2*v = 3*k - 555, -2*v - 2*v = -k + 199. List the prime factors of k.
11, 17
Suppose -i = 2*w + 10, 3*i + 25 = -4*w - w. Let g = w - -11. Let q(v) = -v**2 + 8*v - 2. What are the prime factors of q(g)?
2, 5
Let u(f) = -4*f**3 - 2*f**2 - 16*f - 20. What are the prime factors of u(-7)?
2, 683
Suppose -3 = 2*s - 11. Suppose 0 = -2*h + 3*p + s, 3*h - h = -5*p + 4. Suppose b = h*b - 10. List the prime factors of b.
2, 5
Let j = -10 + 9. Let r be ((-72)/(-32))/(j/(-36)). Suppose r = -8*z + 11*z. List the prime factors of z.
3
Let b = 979 + -603. List the prime factors of b.
2, 47
Let g be ((-36)/(-30))/(4/170). Let c = -30 + g. Suppose 4*k - 201 = -c. List the prime factors of k.
3, 5
What are the prime factors of 3 - (-76)/(-20) - 251658/(-110)?
2287
Let g be (-3 + 2)/1 - (-25 - 0). Suppose -2*r + g = 5*y, -2*r - 2*y + y + 8 = 0. List the prime factors of r.
2
Let z(h) = 11*h**2 - 23*h + 10. What are the prime factors of z(-6)?
2, 17
Let t(b) = 59*b**2 - 6*b + 45. List the prime factors of t(7).
2, 1447
Let g = -18 - -18. Suppose k = -a + 8, -a - 3*a + 12 = g. Suppose k*u = 6*u - 68. List the prime factors of u.
2, 17
Suppose -3*r + 4*r = 3. Suppose 20 = i + r*i. List the prime factors of i.
5
Let m = 18 + -16. Let w = m + 1. Suppose -2*o - w*o + 70 = -5*k, 5*o - 3*k = 68. What are the prime factors of o?
13
Suppose 8 = 4*b, 0 = y + 3*b - 1251 - 146. List the prime factors of y.
13, 107
What are the prime factors of ((-430)/129)/(89/45 - 2)?
2, 3, 5
What are the prime factors of ((-63)/27)/((-4)/1416)?
2, 7, 59
Suppose -4*t = -2*o - 19 + 5, 4*t + 4 = -4*o. Let d be o/(-6)*(4 + -4). Suppose d = 4*i + 54 - 154. List the prime factors of i.
5
Let c be (-6433)/35*-5 + (-3 - 1). Suppose c = 6*p - p. List the prime factors of p.
3, 61
Let i(t) = 12*t + 8. Let u be i(6). Suppose -2*p = r - 170, 2*r = 2*p - p - u. What are the prime factors of p?
2, 3, 7
Suppose 0*b = b + 138. Let j = 195 + b. Let v = j + -18. What are the prime factors of v?
3, 13
Suppose -9*t = -3*y - 11*t + 77, -4*t + 39 = y. List the prime factors of y.
23
Let f be -1 - -8 - (-2 - -3). Suppose j + 0*j - f = 0. Suppose -3*q - j*l = -2*l - 22, -2*q + l = -33. What are the prime factors of q?
2, 7
Suppose -13*q - 6 = -16*q. Suppose q*r = -2*r - s + 60, 0 = -r + 3*s + 2. Let j = -8 + r. What are the prime factors of j?
2, 3
Let x(j) = -j**2 + 14*j + 5. Let u be x(12). Suppose -u = -v + 33. Suppose -3*h + 2*r + v = 0, 4*h = -2*r - 3*r + 75. What are the prime factors of h?
2, 5
Let f = 678 + -186. What are the prime factors of f?
2, 3, 41
Suppose -85151 - 129615 = -73*x. What are the prime factors of x?
2, 1471
Let d(b) = 128*b**2 + 19*b + 6. What are the prime factors of d(-2)?
2, 3, 5
Suppose -4*q - 3*y + 27 = 0, -q + y = -0*y + 2. Suppose 0 = -4*l + q*l + 80. What are the prime factors of l?
2, 5
Let q = -96 + 215. What are the prime factors of q?
7, 17
Suppose 3*v - 2*m - 27 = 3*m, 5*m + 23 = 2*v. List the prime factors of (-12)/(-1 + v) + 88.
2, 3, 7
Let s(y) = -y**3 + 7*y**2 + 19*y - 20. List the prime factors of s(7).
113
Let o = -14 + 16. Suppose 34 = o*h - 28. Let s = h - 22. What are the prime factors of s?
3
Let d(j) = -2*j - 3. Let h(b) = -b + 1. Let w(m) = -d(m) - 4*h(m). What are the prime factors of w(8)?
47
Let y be 3/(-6)*(3 + -1)*-4. Suppose 0*b = 4*b - 760. Suppose -y*r = -9*r + b. List the prime factors of r.
2, 19
Let z = 38 - 16. Let g = z - -2. Suppose -3 = -2*r - 5*k + g, 5*r - 120 = -2*k. What are the prime factors of r?
2, 13
Suppose m = 5*m - 8. Let z(c) = -2*c + 0*c + m - 3*c. What are the prime factors of z(-4)?
2, 11
Let b(t) = -t**2 + 3*t - 41. Let k be b(10). What are the prime factors of (k - 4)*(-6)/15?
2, 23
Let k(t) = 2*t**3 - 2*t - 1. Let o(x) = x**2 + 5*x + 2. Let m = -12 + 7. Let y be o(m). List the prime factors of k(y).
11
Let b(q) = q**2 - 20*q + 11. Let g(p) = 1. Let c(k) = -b(k) + 3*g(k). List the prime factors of c(15).
67
Suppose 28 = -3*h + 2*b, 38 = -4*h + 3*b - 1. Let k be h/(2/4*-3). Suppose 3*w - 2*p - 65 - 14 = 0, 0 = -k*w + 4*p + 112. 